{"id":514,"date":"2024-10-14T11:49:54","date_gmt":"2024-10-14T09:49:54","guid":{"rendered":"https:\/\/www.sosguepes90.fr\/?page_id=514"},"modified":"2024-11-21T18:04:17","modified_gmt":"2024-11-21T18:04:17","slug":"mentions-legales","status":"publish","type":"page","link":"https:\/\/www.sosguepes90.fr\/index.php\/mentions-legales\/","title":{"rendered":"Mentions l\u00e9gales"},"content":{"rendered":"\t\t<div data-elementor-type=\"wp-page\" data-elementor-id=\"514\" class=\"elementor elementor-514\" data-elementor-post-type=\"page\">\n\t\t\t\t<div class=\"elementor-element elementor-element-417fc5b e-flex e-con-boxed e-con e-parent\" data-id=\"417fc5b\" data-element_type=\"container\" data-e-type=\"container\">\n\t\t\t\t\t<div class=\"e-con-inner\">\n\t\t\t\t<div class=\"elementor-element elementor-element-8b5634f elementor-widget elementor-widget-text-editor\" data-id=\"8b5634f\" data-element_type=\"widget\" data-e-type=\"widget\" data-widget_type=\"text-editor.default\">\n\t\t\t\t<div class=\"elementor-widget-container\">\n\t\t\t\t\t\t\t\t\t<h2><strong>MENTIONS LEGALES<\/strong><\/h2><p>En vigueur au 30\/09\/2024<\/p><p>Conform\u00e9ment aux dispositions de la loi n\u00b02004-575 du 21 juin 2004 pour la Confiance en l\u2019\u00e9conomie num\u00e9rique, il est port\u00e9 \u00e0 la connaissance des utilisateurs et visiteurs, ci-apr\u00e8s l&rsquo; \u00ab\u00a0<strong>Utilisateur<\/strong>\u00ab\u00a0, du site sosguepes90.fr , ci-apr\u00e8s le \u00ab\u00a0<strong>Site<\/strong>\u00ab\u00a0, les pr\u00e9sentes mentions l\u00e9gales.<\/p><p>La connexion et la navigation sur le Site par l\u2019Utilisateur implique acceptation int\u00e9grale et sans r\u00e9serve des pr\u00e9sentes mentions l\u00e9gales.<\/p><p>Ces derni\u00e8res sont accessibles sur le Site \u00e0 la rubrique \u00ab\u00a0<strong>Mentions l\u00e9gales<\/strong>\u00ab\u00a0.<\/p><h4>\u00c9DITION DU SITE<\/h4><p>L&rsquo;\u00e9dition du Site est assur\u00e9e par la soci\u00e9t\u00e9 SOS GU\u00caPES 90, Entreprise individuelle, immatricul\u00e9e au Registre du Commerce et des Soci\u00e9t\u00e9s de Belfort sous le num\u00e9ro 751335753 dont le si\u00e8ge social est situ\u00e9 au 1, rue des Acacias 90160 Denney.<\/p><p>&gt; <strong>Num\u00e9ro de t\u00e9l\u00e9phone<\/strong> : 06 95 20 10 73<\/p><p>&gt; <strong>Adresse e-mail<\/strong> : bbianchi@bvnuisibles.fr<\/p><p>&gt; <strong>Directeur de la publication<\/strong> : Bruno Bianchi<\/p><p>ci-apr\u00e8s <strong>l\u2019\u00c9diteur<\/strong>\u00ab\u00a0.<\/p><h4>H\u00c9BERGEUR<\/h4><p>L&rsquo;h\u00e9bergeur du Site est la soci\u00e9t\u00e9 OVH, dont le si\u00e8ge social est situ\u00e9 au\u00a0 2, rue Kellermann 59100 ROUBAIX .<\/p><h4>ACC\u00c8S AU SITE<\/h4><p>Le Site est normalement accessible, \u00e0 tout moment, \u00e0 l&rsquo;Utilisateur. Toutefois, l\u2019\u00c9diteur pourra, \u00e0 tout moment, suspendre, limiter ou interrompre le Site afin de proc\u00e9der, notamment, \u00e0 des mises \u00e0 jour ou des modifications de son contenu. L\u2019\u00c9diteur ne pourra en aucun cas \u00eatre tenu responsable des cons\u00e9quences \u00e9ventuelles de cette indisponibilit\u00e9 sur les activit\u00e9s de l&rsquo;Utilisateur.<\/p><p>ci-apr\u00e8s l&rsquo;<strong>Editeur<\/strong>\u00ab\u00a0.<\/p><h4>H\u00c9BERGEUR<\/h4><p>L&rsquo;h\u00e9bergeur du Site est la soci\u00e9t\u00e9 OVH, dont le si\u00e8ge social est situ\u00e9 au\u00a0 2, rue Kellermann 59100 ROUBAIX . Le num\u00e9ro de t\u00e9l\u00e9phone de l&rsquo;h\u00e9bergeur est le 1007.<\/p><h4>ACC\u00c8S AU SITE<\/h4><p>Le Site est normalement accessible, \u00e0 tout moment, \u00e0 l&rsquo;Utilisateur. Toutefois, l\u2019\u00c9diteur pourra, \u00e0 tout moment, suspendre, limiter ou interrompre le Site afin de proc\u00e9der, notamment, \u00e0 des mises \u00e0 jour ou des modifications de son contenu. L&rsquo;Editeur ne pourra en aucun cas \u00eatre tenu responsable des cons\u00e9quences \u00e9ventuelles de cette indisponibilit\u00e9 sur les activit\u00e9s de l&rsquo;Utilisateur.<\/p><p>Toute utilisation, reproduction, diffusion, commercialisation, modification de toute ou partie du Site, sans autorisation expresse de l\u2019Editeur est prohib\u00e9e et pourra entra\u00eener des actions et poursuites judiciaires telles que pr\u00e9vues par la r\u00e8glementation en vigueur.<\/p><p>R\u00e9dig\u00e9 sur http:\/\/legalplace.fr<\/p>\t\t\t\t\t\t\t\t<\/div>\n\t\t\t\t<\/div>\n\t\t\t\t\t<\/div>\n\t\t\t\t<\/div>\n\t\t\t\t<\/div>\n\t\t","protected":false},"excerpt":{"rendered":"<p>MENTIONS LEGALES En vigueur au 30\/09\/2024 Conform\u00e9ment aux dispositions de la loi n\u00b02004-575 du 21 juin 2004 pour la Confiance en l\u2019\u00e9conomie num\u00e9rique, il est port\u00e9 \u00e0 la connaissance des utilisateurs et visiteurs, ci-apr\u00e8s l&rsquo; \u00ab\u00a0Utilisateur\u00ab\u00a0, du site sosguepes90.fr , ci-apr\u00e8s le \u00ab\u00a0Site\u00ab\u00a0, les pr\u00e9sentes mentions l\u00e9gales. La connexion et la navigation sur le Site [&hellip;]<\/p>\n","protected":false},"author":1,"featured_media":0,"parent":0,"menu_order":0,"comment_status":"closed","ping_status":"closed","template":"","meta":{"footnotes":""},"class_list":["post-514","page","type-page","status-publish","hentry"],"yoast_head":"<!-- This site is optimized with the Yoast SEO plugin v27.4 - https:\/\/yoast.com\/product\/yoast-seo-wordpress\/ -->\n<title>Mentions l\u00e9gales - SOS GUEPES 90<\/title>\n<meta name=\"robots\" content=\"index, follow, max-snippet:-1, max-image-preview:large, max-video-preview:-1\" \/>\n<link rel=\"canonical\" href=\"https:\/\/www.sosguepes90.fr\/index.php\/mentions-legales\/\" \/>\n<meta property=\"og:locale\" content=\"fr_FR\" \/>\n<meta property=\"og:type\" content=\"article\" \/>\n<meta property=\"og:title\" content=\"Mentions l\u00e9gales - SOS GUEPES 90\" \/>\n<meta property=\"og:description\" content=\"MENTIONS LEGALES En vigueur au 30\/09\/2024 Conform\u00e9ment aux dispositions de la loi n\u00b02004-575 du 21 juin 2004 pour la Confiance en l\u2019\u00e9conomie num\u00e9rique, il est port\u00e9 \u00e0 la connaissance des utilisateurs et visiteurs, ci-apr\u00e8s l&rsquo; \u00ab\u00a0Utilisateur\u00ab\u00a0, du site sosguepes90.fr , ci-apr\u00e8s le \u00ab\u00a0Site\u00ab\u00a0, les pr\u00e9sentes mentions l\u00e9gales. La connexion et la navigation sur le Site [&hellip;]\" \/>\n<meta property=\"og:url\" content=\"https:\/\/www.sosguepes90.fr\/index.php\/mentions-legales\/\" \/>\n<meta property=\"og:site_name\" content=\"SOS GUEPES 90\" \/>\n<meta property=\"article:modified_time\" content=\"2024-11-21T18:04:17+00:00\" \/>\n<meta name=\"twitter:card\" content=\"summary_large_image\" \/>\n<meta name=\"twitter:label1\" content=\"Dur\u00e9e de lecture estim\u00e9e\" \/>\n\t<meta name=\"twitter:data1\" content=\"2 minutes\" \/>\n<script type=\"application\/ld+json\" class=\"yoast-schema-graph\">{\"@context\":\"https:\\\/\\\/schema.org\",\"@graph\":[{\"@type\":\"WebPage\",\"@id\":\"https:\\\/\\\/www.sosguepes90.fr\\\/index.php\\\/mentions-legales\\\/\",\"url\":\"https:\\\/\\\/www.sosguepes90.fr\\\/index.php\\\/mentions-legales\\\/\",\"name\":\"Mentions l\u00e9gales - SOS GUEPES 90\",\"isPartOf\":{\"@id\":\"https:\\\/\\\/www.sosguepes90.fr\\\/#website\"},\"datePublished\":\"2024-10-14T09:49:54+00:00\",\"dateModified\":\"2024-11-21T18:04:17+00:00\",\"breadcrumb\":{\"@id\":\"https:\\\/\\\/www.sosguepes90.fr\\\/index.php\\\/mentions-legales\\\/#breadcrumb\"},\"inLanguage\":\"fr-FR\",\"potentialAction\":[{\"@type\":\"ReadAction\",\"target\":[\"https:\\\/\\\/www.sosguepes90.fr\\\/index.php\\\/mentions-legales\\\/\"]}]},{\"@type\":\"BreadcrumbList\",\"@id\":\"https:\\\/\\\/www.sosguepes90.fr\\\/index.php\\\/mentions-legales\\\/#breadcrumb\",\"itemListElement\":[{\"@type\":\"ListItem\",\"position\":1,\"name\":\"Accueil\",\"item\":\"https:\\\/\\\/www.sosguepes90.fr\\\/\"},{\"@type\":\"ListItem\",\"position\":2,\"name\":\"Mentions l\u00e9gales\"}]},{\"@type\":\"WebSite\",\"@id\":\"https:\\\/\\\/www.sosguepes90.fr\\\/#website\",\"url\":\"https:\\\/\\\/www.sosguepes90.fr\\\/\",\"name\":\"SOS GUEPES 90\",\"description\":\"Destruction de nids de gu\u00eapes et frelons\",\"publisher\":{\"@id\":\"https:\\\/\\\/www.sosguepes90.fr\\\/#organization\"},\"potentialAction\":[{\"@type\":\"SearchAction\",\"target\":{\"@type\":\"EntryPoint\",\"urlTemplate\":\"https:\\\/\\\/www.sosguepes90.fr\\\/?s={search_term_string}\"},\"query-input\":{\"@type\":\"PropertyValueSpecification\",\"valueRequired\":true,\"valueName\":\"search_term_string\"}}],\"inLanguage\":\"fr-FR\"},{\"@type\":\"Organization\",\"@id\":\"https:\\\/\\\/www.sosguepes90.fr\\\/#organization\",\"name\":\"SOS GUEPES 90\",\"url\":\"https:\\\/\\\/www.sosguepes90.fr\\\/\",\"logo\":{\"@type\":\"ImageObject\",\"inLanguage\":\"fr-FR\",\"@id\":\"https:\\\/\\\/www.sosguepes90.fr\\\/#\\\/schema\\\/logo\\\/image\\\/\",\"url\":\"https:\\\/\\\/www.sosguepes90.fr\\\/wp-content\\\/uploads\\\/2024\\\/10\\\/logo-pour-site-scaled.jpg\",\"contentUrl\":\"https:\\\/\\\/www.sosguepes90.fr\\\/wp-content\\\/uploads\\\/2024\\\/10\\\/logo-pour-site-scaled.jpg\",\"width\":2560,\"height\":1266,\"caption\":\"SOS GUEPES 90\"},\"image\":{\"@id\":\"https:\\\/\\\/www.sosguepes90.fr\\\/#\\\/schema\\\/logo\\\/image\\\/\"}}]}<\/script>\n<!-- \/ Yoast SEO plugin. -->","yoast_head_json":{"title":"Mentions l\u00e9gales - SOS GUEPES 90","robots":{"index":"index","follow":"follow","max-snippet":"max-snippet:-1","max-image-preview":"max-image-preview:large","max-video-preview":"max-video-preview:-1"},"canonical":"https:\/\/www.sosguepes90.fr\/index.php\/mentions-legales\/","og_locale":"fr_FR","og_type":"article","og_title":"Mentions l\u00e9gales - SOS GUEPES 90","og_description":"MENTIONS LEGALES En vigueur au 30\/09\/2024 Conform\u00e9ment aux dispositions de la loi n\u00b02004-575 du 21 juin 2004 pour la Confiance en l\u2019\u00e9conomie num\u00e9rique, il est port\u00e9 \u00e0 la connaissance des utilisateurs et visiteurs, ci-apr\u00e8s l&rsquo; \u00ab\u00a0Utilisateur\u00ab\u00a0, du site sosguepes90.fr , ci-apr\u00e8s le \u00ab\u00a0Site\u00ab\u00a0, les pr\u00e9sentes mentions l\u00e9gales. La connexion et la navigation sur le Site [&hellip;]","og_url":"https:\/\/www.sosguepes90.fr\/index.php\/mentions-legales\/","og_site_name":"SOS GUEPES 90","article_modified_time":"2024-11-21T18:04:17+00:00","twitter_card":"summary_large_image","twitter_misc":{"Dur\u00e9e de lecture estim\u00e9e":"2 minutes"},"schema":{"@context":"https:\/\/schema.org","@graph":[{"@type":"WebPage","@id":"https:\/\/www.sosguepes90.fr\/index.php\/mentions-legales\/","url":"https:\/\/www.sosguepes90.fr\/index.php\/mentions-legales\/","name":"Mentions l\u00e9gales - SOS GUEPES 90","isPartOf":{"@id":"https:\/\/www.sosguepes90.fr\/#website"},"datePublished":"2024-10-14T09:49:54+00:00","dateModified":"2024-11-21T18:04:17+00:00","breadcrumb":{"@id":"https:\/\/www.sosguepes90.fr\/index.php\/mentions-legales\/#breadcrumb"},"inLanguage":"fr-FR","potentialAction":[{"@type":"ReadAction","target":["https:\/\/www.sosguepes90.fr\/index.php\/mentions-legales\/"]}]},{"@type":"BreadcrumbList","@id":"https:\/\/www.sosguepes90.fr\/index.php\/mentions-legales\/#breadcrumb","itemListElement":[{"@type":"ListItem","position":1,"name":"Accueil","item":"https:\/\/www.sosguepes90.fr\/"},{"@type":"ListItem","position":2,"name":"Mentions l\u00e9gales"}]},{"@type":"WebSite","@id":"https:\/\/www.sosguepes90.fr\/#website","url":"https:\/\/www.sosguepes90.fr\/","name":"SOS GUEPES 90","description":"Destruction de nids de gu\u00eapes et frelons","publisher":{"@id":"https:\/\/www.sosguepes90.fr\/#organization"},"potentialAction":[{"@type":"SearchAction","target":{"@type":"EntryPoint","urlTemplate":"https:\/\/www.sosguepes90.fr\/?s={search_term_string}"},"query-input":{"@type":"PropertyValueSpecification","valueRequired":true,"valueName":"search_term_string"}}],"inLanguage":"fr-FR"},{"@type":"Organization","@id":"https:\/\/www.sosguepes90.fr\/#organization","name":"SOS GUEPES 90","url":"https:\/\/www.sosguepes90.fr\/","logo":{"@type":"ImageObject","inLanguage":"fr-FR","@id":"https:\/\/www.sosguepes90.fr\/#\/schema\/logo\/image\/","url":"https:\/\/www.sosguepes90.fr\/wp-content\/uploads\/2024\/10\/logo-pour-site-scaled.jpg","contentUrl":"https:\/\/www.sosguepes90.fr\/wp-content\/uploads\/2024\/10\/logo-pour-site-scaled.jpg","width":2560,"height":1266,"caption":"SOS GUEPES 90"},"image":{"@id":"https:\/\/www.sosguepes90.fr\/#\/schema\/logo\/image\/"}}]}},"_links":{"self":[{"href":"https:\/\/www.sosguepes90.fr\/index.php\/wp-json\/wp\/v2\/pages\/514","targetHints":{"allow":["GET"]}}],"collection":[{"href":"https:\/\/www.sosguepes90.fr\/index.php\/wp-json\/wp\/v2\/pages"}],"about":[{"href":"https:\/\/www.sosguepes90.fr\/index.php\/wp-json\/wp\/v2\/types\/page"}],"author":[{"embeddable":true,"href":"https:\/\/www.sosguepes90.fr\/index.php\/wp-json\/wp\/v2\/users\/1"}],"replies":[{"embeddable":true,"href":"https:\/\/www.sosguepes90.fr\/index.php\/wp-json\/wp\/v2\/comments?post=514"}],"version-history":[{"count":25,"href":"https:\/\/www.sosguepes90.fr\/index.php\/wp-json\/wp\/v2\/pages\/514\/revisions"}],"predecessor-version":[{"id":860,"href":"https:\/\/www.sosguepes90.fr\/index.php\/wp-json\/wp\/v2\/pages\/514\/revisions\/860"}],"wp:attachment":[{"href":"https:\/\/www.sosguepes90.fr\/index.php\/wp-json\/wp\/v2\/media?parent=514"}],"curies":[{"name":"wp","href":"https:\/\/api.w.org\/{rel}","templated":true}]}}